493 a multiple of 59?
False
Is 3183 a factor of 506081085?
True
Does 141 divide 668461824?
True
Is 111037784 a multiple of 22?
True
Does 44 divide 23638604?
True
Is 988480641 a multiple of 1739?
True
Is 9 a factor of 927193995?
True
Is 49 a factor of 1931768172?
False
Does 89 divide 50333773?
False
Does 4 divide 687785456?
True
Is 140 a factor of 9109100?
True
Does 51 divide 5763404991?
True
Is 82 a factor of 187743850?
False
Is 43 a factor of 904843625?
True
Does 153 divide 457757028?
True
Is 570759494 a multiple of 80?
False
Is 25 a factor of 74205770?
False
Is 692 a factor of 19933347?
False
Is 3605593 a multiple of 149?
False
Is 615 a factor of 343823007?
False
Is 37591009 a multiple of 123?
False
Is 3724456599 a multiple of 27?
True
Does 889 divide 28731111?
False
Is 181 a factor of 11743280?
True
Is 131 a factor of 11184911?
True
Is 429 a factor of 601878289?
False
Is 94 a factor of 788645982?
False
Does 987 divide 7940738?
False
Is 12 a factor of 7467066?
False
Is 11197422 a multiple of 95?
False
Does 224 divide 97331808?
True
Is 437704638 a multiple of 4?
False
Is 140866000 a multiple of 550?
True
Does 77 divide 73684422?
False
Is 43665600 a multiple of 44?
True
Is 135 a factor of 1255752784?
False
Does 148 divide 35034640?
False
Does 961 divide 67101825?
True
Does 7 divide 47495784?
True
Is 74136249 a multiple of 33?
True
Is 285806040 a multiple of 39?
True
Is 56 a factor of 31441312?
True
Is 139699105 a multiple of 5?
True
Does 195 divide 19297980?
True
Is 44860450 a multiple of 2965?
True
Does 1095 divide 203543491?
False
Is 39165555 a multiple of 195?
True
Does 108 divide 213557472?
True
Is 97 a factor of 1681420698?
True
Does 130 divide 36785526?
False
Is 625 a factor of 1336244375?
True
Is 21 a factor of 139872264?
True
Is 67965660 a multiple of 1615?
True
Does 3233 divide 111428578?
True
Is 28 a factor of 8069236?
True
Does 523 divide 49261394?
False
Is 1483 a factor of 185681711?
False
Is 10 a factor of 13301034?
False
Does 10 divide 6943239170?
True
Is 23396136 a multiple of 12?
True
Is 18426408 a multiple of 11?
True
Is 205 a factor of 2174865090?
True
Is 3636 a factor of 1035580068?
True
Is 34897660 a multiple of 5180?
True
Does 5 divide 14738431?
False
Is 436 a factor of 102787436?
True
Is 117 a factor of 9670043?
False
Is 25 a factor of 338422650?
True
Does 7795 divide 3035427565?
True
Is 81 a factor of 260291825?
False
Does 1041 divide 36653758?
False
Is 284 a factor of 151592046?
False
Is 1121 a factor of 97827428?
True
Does 4240 divide 28296053?
False
Is 62169640 a multiple of 4300?
False
Is 1904184237 a multiple of 14?
False
Is 26562449 a multiple of 17?
True
Is 751059273 a multiple of 48?
False
Is 2080 a factor of 587789280?
True
Is 95 a factor of 460599235?
True
Does 1564 divide 818452148?
True
Is 329771607 a multiple of 527?
False
Is 50813074 a multiple of 13?
True
Does 72 divide 404707120?
False
Is 47828280 a multiple of 9?
False
Is 268036944 a multiple of 102?
False
Is 522439296 a multiple of 104?
False
Does 1488 divide 69272352?
True
Does 2 divide 21761871?
False
Does 139 divide 46646732?
True
Is 248 a factor of 46772056?
True
Does 19 divide 17703877?
True
Is 73 a factor of 250986875?
False
Is 69400484 a multiple of 386?
True
Is 246 a factor of 24926490?
False
Is 30218088 a multiple of 24?
True
Does 244 divide 7494719?
False
Is 735792884 a multiple of 90?
False
Is 262 a factor of 633260?
False
Is 1108213203 a multiple of 12?
False
Does 143 divide 4045613?
True
Is 6 a factor of 542348340?
True
Does 29 divide 5017139685?
False
Does 7 divide 19675465?
False
Is 1433892943 a multiple of 1589?
True
Is 238732382 a multiple of 329?
False
Does 299 divide 7634956?
False
Is 247 a factor of 563515680?
True
Is 659984434 a multiple of 502?
False
Does 24 divide 3743642476?
False
Is 13 a factor of 46494855?
False
Is 9 a factor of 2056506633?
True
Is 1460328645 a multiple of 17?
True
Is 12 a factor of 196847144?
False
Is 1393726477 a multiple of 17?
False
Is 1636 a factor of 69174988?
True
Does 183 divide 15838461?
False
Does 429 divide 10709845?
False
Is 40827586 a multiple of 841?
False
Is 6802020 a multiple of 276?
True
Is 84212916 a multiple of 21?
False
Is 1350106529 a multiple of 217?
False
Does 388 divide 3271899679?
False
Does 14 divide 19741806?
True
Is 21 a factor of 18542033?
False
Does 42 divide 14465688?
False
Does 30 divide 537072240?
True
Is 12 a factor of 91835285?
False
Does 6271 divide 2101612772?
True
Is 87881425 a multiple of 5?
True
Is 192 a factor of 74351424?
True
Is 526050 a multiple of 25?
True
Is 253 a factor of 173440216?
False
Is 2 a factor of 123785752?
True
Is 6 a factor of 1126460616?
True
Does 12 divide 829318932?
True
Is 1407 a factor of 12097066?
False
Is 153 a factor of 71904339?
True
Is 106 a factor of 109308154?
True
Is 35669749 a multiple of 154?
False
Is 3831170 a multiple of 113?
False
Is 2593 a factor of 118458612?
True
Is 3871 a factor of 547933461?
False
Is 227051480 a multiple of 14?
False
Is 735615802 a multiple of 6?
False
Is 77 a factor of 40941561?
False
Does 107 divide 28025441?
False
Is 37625971 a multiple of 11?
False
Is 192 a factor of 1567737408?
True
Does 75 divide 16616444?
False
Does 35 divide 1056630155?
True
Is 5 a factor of 21793939?
False
Does 22 divide 18588680?
True
Is 240709664 a multiple of 404?
True
Is 3 a factor of 13751741?
False
Is 362 a factor of 89318432?
True
Is 224 a factor of 1737534848?
True
Is 112603199 a multiple of 362?
False
Is 929 a factor of 128091449?
True
Is 41936250 a multiple of 106?
True
Does 83 divide 70351609?
False
Does 507 divide 10275308?
False
Is 141657214 a multiple of 447?
False
Is 26 a factor of 32488279?
False
Does 50 divide 9081937?
False
Does 1173 divide 2078500869?
True
Is 277861708 a multiple of 507?
False
Does 219 divide 490920912?
True
Does 3 divide 40416711?
True
Is 93216 a multiple of 96?
True
Is 244592937 a multiple of 18?
False
Does 34 divide 6399140?
True
Is 11791761 a multiple of 3?
True
Does 9497 divide 704250035?
True
Is 1146822122 a multiple of 1022?
False
Does 87 divide 130297638?
True
Is 1125 a factor of 256025250?
True
Does 180 divide 13734180?
True
Is 107980368 a multiple of 12?
True
Does 508 divide 53014683?
False
Does 11936 divide 1089224209?
False
Is 33133152 a multiple of 834?
True
Does 13 divide 412720646?
True
Is 20041152 a multiple of 3169?
False
Is 5 a factor of 4964421?
False
Is 4056126491 a multiple of 1609?
True
Is 237 a factor of 189999819?
True
Is 2043618 a multiple of 605?
False
Does 1476 divide 506204482?
False
Does 18 divide 1311153447?
False
Is 4890 a factor of 1518794880?
True
Is 211 a factor of 479711495?
False
Does 774 divide 21283791?
False
Is 31 a factor of 579979?
True
Does 58 divide 4951521?
False
Is 23683914 a multiple of 1741?
False
Is 8202057774 a multiple of 9791?
True
Is 23155713 a multiple of 585?
False
Does 32 divide 879109344?
True
Does 18 divide 26073090?
True
Is 680599326 a multiple of 4762?
True
Does 24 divide 855890372?
False
Is 1146339310 a multiple of 109?
False
Is 435852379 a multiple of 15?
False
Does 1563 divide 63365583?
True
Is 1606 a factor of 687649050?
True
Does 922 divide 829291677?
False
Does 12 divide 24145812?
True
Is 4000 a factor of 1101345448?
False
Is 108 a factor of 151179904?
False
Is 31 a factor of 16624182?
False
Does 11 divide 1233405473?
False
Is 285 a factor of 52765840?
False
Is 9163066 a multiple of 1823?
False
Is 114 a factor of 395922456?
True
Does 319 divide 1104126?
False
Is 4168807708 a multiple of 247?
True
Does 104 divide 1244700808?
True
Is 137604258 a multiple of 999?
True
Is 873 a factor of 142910026?
False
Is 42354954 a multiple of 9?
True
Is 3278150 a multiple of 25?
True
Is 17434462 a multiple of 961?
True
Does 4 divide 89695371?
False
Does 5 divide 332839445?
True
Does 1055 divide 66888252?
False
Is 318 a factor of 45741973?
False
Does 7569 divide 714256254?
True
Does 9 divide 16034399?
False
Is 65 a factor of 21322342?
False
Is 82 a factor of 503800930?
False
Does 1713 divide 12161989?
False
Does 180 divide 283612002?
False
Is 867143068 a multiple of 772?
False
Is 297 a factor of 321904341?
True
Is 1018111563 a multiple of 63?
True
Does 227 divide 365811635?
True
Does 573 divide 46007437?
False
Is 12339243 a multiple of 63?
True
Is 1785